{"id":1592,"date":"2023-10-27T10:16:32","date_gmt":"2023-10-27T09:16:32","guid":{"rendered":"https:\/\/imag.umontpellier.fr\/?page_id=1592"},"modified":"2023-12-14T10:43:31","modified_gmt":"2023-12-14T09:43:31","slug":"le-projet-nemesis-laureat-dune-bourse-erc-synergy-grants","status":"publish","type":"page","link":"https:\/\/imag.umontpellier.fr\/?page_id=1592","title":{"rendered":"Le projet NEMESIS laur\u00e9at d&rsquo;une bourse ERC Synergy Grant"},"content":{"rendered":"\n<div class=\"wp-block-media-text is-stacked-on-mobile is-vertically-aligned-top\" style=\"grid-template-columns:33% auto\"><figure class=\"wp-block-media-text__media\"><img loading=\"lazy\" decoding=\"async\" width=\"581\" height=\"538\" src=\"https:\/\/imag.umontpellier.fr\/wp-content\/uploads\/2023\/10\/ERC_Logo.png\" alt=\"\" class=\"wp-image-1535 size-full\" srcset=\"https:\/\/imag.umontpellier.fr\/wp-content\/uploads\/2023\/10\/ERC_Logo.png 581w, https:\/\/imag.umontpellier.fr\/wp-content\/uploads\/2023\/10\/ERC_Logo-300x278.png 300w\" sizes=\"auto, (max-width: 581px) 100vw, 581px\" \/><\/figure><div class=\"wp-block-media-text__content\">\n<p><em>Comment surmonter les barri\u00e8res technologiques actuelles dans les simulations num\u00e9riques de probl\u00e8mes physiques complexes ?<\/em> R\u00e9pondre \u00e0 cette question est l\u2019objectif du projet <strong>NEMESIS<\/strong>, port\u00e9 par Daniele Di Pietro<strong> <\/strong>(Professeur \u00e0 l&rsquo;Universit\u00e9 de Montpellier et directeur de l&rsquo;Institut Montpelli\u00e9rain Alexander Grothendieck &#8211; IMAG) r\u00e9cemment laur\u00e9at d\u2019une prestigieuse subvention <a href=\"https:\/\/erc.europa.eu\/homepage\" data-type=\"link\" data-id=\"https:\/\/erc.europa.eu\/homepage\" target=\"_blank\" rel=\"noreferrer noopener\">ERC Synergy Grant<\/a><strong> <\/strong>*.<\/p>\n\n\n\n<p>Aux c\u00f4t\u00e9s de <strong><a href=\"https:\/\/www.insmi.cnrs.fr\/fr\/personne\/daniele-di-pietro\" target=\"_blank\" rel=\"noreferrer noopener\">Daniele Di Pietro<\/a><\/strong> (coordonnateur) on trouve trois autres chercheurs de renomm\u00e9e internationale :\u00a0 <strong><a href=\"https:\/\/www.insmi.cnrs.fr\/fr\/personne\/jerome-droniou\" target=\"_blank\" rel=\"noreferrer noopener\">J\u00e9r\u00f4me Droniou<\/a><\/strong> (Directeur de recherche CNRS \u00e0 l&rsquo;IMAG), <strong>Paola Antonietti <\/strong>(Cheffe du MOX, D\u00e9partement de Math\u00e9matiques du Politecnico di Milano) et <strong>Louren\u00e7o Beir\u00e3o da Veiga <\/strong>(Professeur \u00e0 l&rsquo;Universit\u00e9 de Milano Bicocca). Le projet NEMESIS, financ\u00e9 \u00e0 hauteur de 7,8 millions \u20ac a pour objectif de permettre le d\u00e9veloppement de m\u00e9thodes num\u00e9riques innovantes pour les \u00e9quations aux d\u00e9riv\u00e9es partielles.<\/p>\n\n\n\n<p>NEMESIS s&rsquo;appuie sur une technologie r\u00e9cente, les <strong>m\u00e9thodes polytopales,<\/strong> pour concevoir une approche plus flexible de la simulation num\u00e9rique de probl\u00e8mes physiques. Ces m\u00e9thodes pr\u00e9sentent des particularit\u00e9s, au niveau g\u00e9om\u00e9trique (partitionnement du domaine en \u00e9l\u00e9ment de forme arbitraire), alg\u00e9brique (approche abstraite de haut niveau), diff\u00e9rentielle (reproduction des propri\u00e9t\u00e9s cl\u00e9s des op\u00e9rateurs apparaissant dans les mod\u00e8les physiques) et analytique (robustesse prouvable). Toutes ces propri\u00e9t\u00e9s seront exploit\u00e9es dans une cha\u00eene int\u00e9gr\u00e9e allant de la conception et de l&rsquo;analyse de nouveaux sch\u00e9mas num\u00e9riques jusqu&rsquo;\u00e0 la conception d&rsquo;impl\u00e9mentations efficaces de ces sch\u00e9mas.<\/p>\n\n\n\n<p>Plusieurs applications sont cibl\u00e9es par NEMESIS, parmi lesquelles les \u00e9quations magn\u00e9to-hydrodynamiques, impliqu\u00e9es par exemple dans la fusion de l&rsquo;aluminium, et les \u00e9coulements en milieux poreux et fractur\u00e9s, qui interviennent dans les processus de stockage du CO2 ou dans l&rsquo;\u00e9valuation des risques dans le stockage des d\u00e9chets nucl\u00e9aires. Les outils d\u00e9velopp\u00e9s dans le cadre du projet permettront une simulation rentable de ces mod\u00e8les complexes, et bien plus encore.<\/p>\n\n\n\n<p class=\"has-gray-color has-text-color\" style=\"font-size:12px\"><em>*<\/em> <em>Le <strong>Conseil europ\u00e9en de la recherche (ERC)<\/strong> finance les projets de recherche fondamentale les plus prestigieux dans le cadre du programme Horizon Europe. Les Synergy Grants visent \u00e0 d\u00e9velopper des projets ambitieux, aux fronti\u00e8res de la connaissance, autour de questions qui ne pourraient \u00eatre r\u00e9solues de mani\u00e8re individuelle.<\/em> <em>Les propositions sont \u00e9valu\u00e9es sur la base du seul crit\u00e8re de l&rsquo;excellence scientifique. En 2023, 34 propositions ont \u00e9t\u00e9 s\u00e9lectionn\u00e9es pour financement sur les 395 soumises (taux de succ\u00e8s : 8,6%).<\/em><\/p>\n<\/div><\/div>\n\n\n\n<hr class=\"wp-block-separator has-alpha-channel-opacity is-style-dots\"\/>\n","protected":false},"excerpt":{"rendered":"<p>Comment surmonter les barri\u00e8res technologiques actuelles dans les simulations num\u00e9riques de probl\u00e8mes physiques complexes ? R\u00e9pondre \u00e0 cette question est l\u2019objectif du projet NEMESIS, port\u00e9 [&#8230;]<\/p>\n","protected":false},"author":2,"featured_media":0,"parent":0,"menu_order":0,"comment_status":"closed","ping_status":"closed","template":"","meta":{"footnotes":""},"class_list":["post-1592","page","type-page","status-publish","hentry"],"_links":{"self":[{"href":"https:\/\/imag.umontpellier.fr\/index.php?rest_route=\/wp\/v2\/pages\/1592","targetHints":{"allow":["GET"]}}],"collection":[{"href":"https:\/\/imag.umontpellier.fr\/index.php?rest_route=\/wp\/v2\/pages"}],"about":[{"href":"https:\/\/imag.umontpellier.fr\/index.php?rest_route=\/wp\/v2\/types\/page"}],"author":[{"embeddable":true,"href":"https:\/\/imag.umontpellier.fr\/index.php?rest_route=\/wp\/v2\/users\/2"}],"replies":[{"embeddable":true,"href":"https:\/\/imag.umontpellier.fr\/index.php?rest_route=%2Fwp%2Fv2%2Fcomments&post=1592"}],"version-history":[{"count":8,"href":"https:\/\/imag.umontpellier.fr\/index.php?rest_route=\/wp\/v2\/pages\/1592\/revisions"}],"predecessor-version":[{"id":1697,"href":"https:\/\/imag.umontpellier.fr\/index.php?rest_route=\/wp\/v2\/pages\/1592\/revisions\/1697"}],"wp:attachment":[{"href":"https:\/\/imag.umontpellier.fr\/index.php?rest_route=%2Fwp%2Fv2%2Fmedia&parent=1592"}],"curies":[{"name":"wp","href":"https:\/\/api.w.org\/{rel}","templated":true}]}}