{"id":1848,"date":"2024-06-24T13:19:37","date_gmt":"2024-06-24T12:19:37","guid":{"rendered":"https:\/\/imag.umontpellier.fr\/?page_id=1848"},"modified":"2024-06-24T13:27:42","modified_gmt":"2024-06-24T12:27:42","slug":"trajectoire-de-lifumi-par-claude-cibils-professeur-emerite-a-limag","status":"publish","type":"page","link":"https:\/\/imag.umontpellier.fr\/?page_id=1848","title":{"rendered":"Trajectoire de l\u2019IFUMI, par Claude Cibils, Professeur \u00e9m\u00e9rite \u00e0 l&rsquo;IMAG"},"content":{"rendered":"\n<p><strong>Trajectoire de l\u2019IFUMI, par Claude Cibils, Professeur \u00e9m\u00e9rite \u00e0 l&rsquo;IMAG<\/strong><\/p>\n\n\n\n<figure class=\"wp-block-image aligncenter size-large\"><img loading=\"lazy\" decoding=\"async\" width=\"725\" height=\"1024\" src=\"https:\/\/imag.umontpellier.fr\/wp-content\/uploads\/2024\/06\/IRL-IFUMI-CC-062024-fr_pages-to-jpg-0001-725x1024.jpg\" alt=\"\" class=\"wp-image-1849\" srcset=\"https:\/\/imag.umontpellier.fr\/wp-content\/uploads\/2024\/06\/IRL-IFUMI-CC-062024-fr_pages-to-jpg-0001-725x1024.jpg 725w, https:\/\/imag.umontpellier.fr\/wp-content\/uploads\/2024\/06\/IRL-IFUMI-CC-062024-fr_pages-to-jpg-0001-212x300.jpg 212w, https:\/\/imag.umontpellier.fr\/wp-content\/uploads\/2024\/06\/IRL-IFUMI-CC-062024-fr_pages-to-jpg-0001-768x1085.jpg 768w, https:\/\/imag.umontpellier.fr\/wp-content\/uploads\/2024\/06\/IRL-IFUMI-CC-062024-fr_pages-to-jpg-0001-1087x1536.jpg 1087w, https:\/\/imag.umontpellier.fr\/wp-content\/uploads\/2024\/06\/IRL-IFUMI-CC-062024-fr_pages-to-jpg-0001.jpg 1241w\" sizes=\"auto, (max-width: 725px) 100vw, 725px\" \/><\/figure>\n\n\n\n<figure class=\"wp-block-image aligncenter size-large\"><img loading=\"lazy\" decoding=\"async\" width=\"725\" height=\"1024\" src=\"https:\/\/imag.umontpellier.fr\/wp-content\/uploads\/2024\/06\/IRL-IFUMI-CC-062024-fr_pages-to-jpg-0002-725x1024.jpg\" alt=\"\" class=\"wp-image-1850\" srcset=\"https:\/\/imag.umontpellier.fr\/wp-content\/uploads\/2024\/06\/IRL-IFUMI-CC-062024-fr_pages-to-jpg-0002-725x1024.jpg 725w, https:\/\/imag.umontpellier.fr\/wp-content\/uploads\/2024\/06\/IRL-IFUMI-CC-062024-fr_pages-to-jpg-0002-212x300.jpg 212w, https:\/\/imag.umontpellier.fr\/wp-content\/uploads\/2024\/06\/IRL-IFUMI-CC-062024-fr_pages-to-jpg-0002-768x1085.jpg 768w, https:\/\/imag.umontpellier.fr\/wp-content\/uploads\/2024\/06\/IRL-IFUMI-CC-062024-fr_pages-to-jpg-0002-1087x1536.jpg 1087w, https:\/\/imag.umontpellier.fr\/wp-content\/uploads\/2024\/06\/IRL-IFUMI-CC-062024-fr_pages-to-jpg-0002.jpg 1241w\" sizes=\"auto, (max-width: 725px) 100vw, 725px\" \/><\/figure>\n\n\n\n<figure class=\"wp-block-image aligncenter size-large\"><img loading=\"lazy\" decoding=\"async\" width=\"725\" height=\"1024\" src=\"https:\/\/imag.umontpellier.fr\/wp-content\/uploads\/2024\/06\/IRL-IFUMI-CC-062024-fr_pages-to-jpg-0003-725x1024.jpg\" alt=\"\" class=\"wp-image-1851\" srcset=\"https:\/\/imag.umontpellier.fr\/wp-content\/uploads\/2024\/06\/IRL-IFUMI-CC-062024-fr_pages-to-jpg-0003-725x1024.jpg 725w, https:\/\/imag.umontpellier.fr\/wp-content\/uploads\/2024\/06\/IRL-IFUMI-CC-062024-fr_pages-to-jpg-0003-212x300.jpg 212w, https:\/\/imag.umontpellier.fr\/wp-content\/uploads\/2024\/06\/IRL-IFUMI-CC-062024-fr_pages-to-jpg-0003-768x1085.jpg 768w, https:\/\/imag.umontpellier.fr\/wp-content\/uploads\/2024\/06\/IRL-IFUMI-CC-062024-fr_pages-to-jpg-0003-1087x1536.jpg 1087w, https:\/\/imag.umontpellier.fr\/wp-content\/uploads\/2024\/06\/IRL-IFUMI-CC-062024-fr_pages-to-jpg-0003.jpg 1241w\" sizes=\"auto, (max-width: 725px) 100vw, 725px\" \/><\/figure>\n\n\n\n<figure class=\"wp-block-image aligncenter size-large\"><img loading=\"lazy\" decoding=\"async\" width=\"725\" height=\"1024\" src=\"https:\/\/imag.umontpellier.fr\/wp-content\/uploads\/2024\/06\/IRL-IFUMI-CC-062024-fr_pages-to-jpg-0004-725x1024.jpg\" alt=\"\" class=\"wp-image-1852\" srcset=\"https:\/\/imag.umontpellier.fr\/wp-content\/uploads\/2024\/06\/IRL-IFUMI-CC-062024-fr_pages-to-jpg-0004-725x1024.jpg 725w, https:\/\/imag.umontpellier.fr\/wp-content\/uploads\/2024\/06\/IRL-IFUMI-CC-062024-fr_pages-to-jpg-0004-212x300.jpg 212w, https:\/\/imag.umontpellier.fr\/wp-content\/uploads\/2024\/06\/IRL-IFUMI-CC-062024-fr_pages-to-jpg-0004-768x1085.jpg 768w, https:\/\/imag.umontpellier.fr\/wp-content\/uploads\/2024\/06\/IRL-IFUMI-CC-062024-fr_pages-to-jpg-0004-1087x1536.jpg 1087w, https:\/\/imag.umontpellier.fr\/wp-content\/uploads\/2024\/06\/IRL-IFUMI-CC-062024-fr_pages-to-jpg-0004.jpg 1241w\" sizes=\"auto, (max-width: 725px) 100vw, 725px\" \/><\/figure>\n","protected":false},"excerpt":{"rendered":"<p>Trajectoire de l\u2019IFUMI, par Claude Cibils, Professeur \u00e9m\u00e9rite \u00e0 l&rsquo;IMAG<\/p>\n","protected":false},"author":2,"featured_media":0,"parent":0,"menu_order":0,"comment_status":"closed","ping_status":"closed","template":"","meta":{"footnotes":""},"class_list":["post-1848","page","type-page","status-publish","hentry"],"_links":{"self":[{"href":"https:\/\/imag.umontpellier.fr\/index.php?rest_route=\/wp\/v2\/pages\/1848","targetHints":{"allow":["GET"]}}],"collection":[{"href":"https:\/\/imag.umontpellier.fr\/index.php?rest_route=\/wp\/v2\/pages"}],"about":[{"href":"https:\/\/imag.umontpellier.fr\/index.php?rest_route=\/wp\/v2\/types\/page"}],"author":[{"embeddable":true,"href":"https:\/\/imag.umontpellier.fr\/index.php?rest_route=\/wp\/v2\/users\/2"}],"replies":[{"embeddable":true,"href":"https:\/\/imag.umontpellier.fr\/index.php?rest_route=%2Fwp%2Fv2%2Fcomments&post=1848"}],"version-history":[{"count":2,"href":"https:\/\/imag.umontpellier.fr\/index.php?rest_route=\/wp\/v2\/pages\/1848\/revisions"}],"predecessor-version":[{"id":1858,"href":"https:\/\/imag.umontpellier.fr\/index.php?rest_route=\/wp\/v2\/pages\/1848\/revisions\/1858"}],"wp:attachment":[{"href":"https:\/\/imag.umontpellier.fr\/index.php?rest_route=%2Fwp%2Fv2%2Fmedia&parent=1848"}],"curies":[{"name":"wp","href":"https:\/\/api.w.org\/{rel}","templated":true}]}}