{"id":221,"date":"2022-01-11T10:19:34","date_gmt":"2022-01-11T09:19:34","guid":{"rendered":"https:\/\/imag.umontpellier.fr\/wordpress\/?page_id=221"},"modified":"2026-01-13T09:39:23","modified_gmt":"2026-01-13T08:39:23","slug":"espace-membres","status":"publish","type":"page","link":"https:\/\/imag.umontpellier.fr\/?page_id=221","title":{"rendered":"Espace Membres"},"content":{"rendered":"\n<div class=\"wp-block-columns is-layout-flex wp-container-core-columns-is-layout-9d6595d7 wp-block-columns-is-layout-flex\">\n<div class=\"wp-block-column is-layout-flow wp-block-column-is-layout-flow\">\n<p><a href=\"https:\/\/grr.imag.umontpellier.fr\/day.php?area=1\">R\u00e9servation des salles<\/a><\/p>\n\n\n\n<p><a href=\"https:\/\/imag.umontpellier.fr\/Seminaire\">Gestion des s\u00e9minaires<\/a><\/p>\n\n\n\n<p><a href=\"https:\/\/imag.umontpellier.fr\/intra\/RI.php\" target=\"_blank\" rel=\"noreferrer noopener\">R\u00e8glement int\u00e9rieur<\/a><\/p>\n\n\n\n<p><a href=\"https:\/\/imag.umontpellier.fr\/intra\/CR.php\" target=\"_blank\" rel=\"noreferrer noopener\">Conseil de laboratoire<\/a><\/p>\n\n\n\n<p><a href=\"https:\/\/imag.umontpellier.fr\/intra\/InfoAdm.php\" target=\"_blank\" rel=\"noreferrer noopener\">Informations administratives<\/a><\/p>\n\n\n\n<ul class=\"wp-block-list\">\n<li><a href=\"https:\/\/imag.umontpellier.fr\/intra\/InfoAdm.php#fsd\" target=\"_blank\" rel=\"noreferrer noopener\">Procedure FSD<\/a><\/li>\n<\/ul>\n\n\n\n<p><a href=\"https:\/\/mission.imag.umontpellier.fr\/\" target=\"_blank\" rel=\"noreferrer noopener\">Formulaire Mission<\/a><\/p>\n<\/div>\n\n\n\n<div class=\"wp-block-column is-layout-flow wp-block-column-is-layout-flow\">\n<h2 class=\"wp-block-heading has-text-align-center\" id=\"logos\">Logos et chartes graphiques \u00e0 t\u00e9l\u00e9charger<\/h2>\n\n\n\n<div class=\"wp-block-columns is-layout-flex wp-container-core-columns-is-layout-9d6595d7 wp-block-columns-is-layout-flex\">\n<div class=\"wp-block-column is-layout-flow wp-block-column-is-layout-flow\" style=\"flex-basis:25%\">\n<figure class=\"wp-block-image size-full\"><a href=\"https:\/\/imag.umontpellier.fr\/intra\/IMAGES\/logo_UM.jpg\"><img loading=\"lazy\" decoding=\"async\" width=\"120\" height=\"120\" src=\"https:\/\/imag.umontpellier.fr\/wp-content\/uploads\/2022\/06\/Logo_UM_120x120.png\" alt=\"\" class=\"wp-image-1074\"\/><\/a><\/figure>\n<\/div>\n\n\n\n<div class=\"wp-block-column is-layout-flow wp-block-column-is-layout-flow\" style=\"flex-basis:50%\">\n<figure class=\"wp-block-image size-full\"><a href=\"https:\/\/imag.umontpellier.fr\/intra\/IMAGES\/Logo_IMAG.zip\" rel=\"https:\/\/imag.umontpellier.fr\/intra\/IMAGES\/Logo_IMAG.zip\"><img loading=\"lazy\" decoding=\"async\" width=\"676\" height=\"386\" src=\"https:\/\/imag.umontpellier.fr\/wordpress\/wp-content\/uploads\/2022\/01\/imag.png\" alt=\"\" class=\"wp-image-26\" srcset=\"https:\/\/imag.umontpellier.fr\/wp-content\/uploads\/2022\/01\/imag.png 676w, https:\/\/imag.umontpellier.fr\/wp-content\/uploads\/2022\/01\/imag-300x171.png 300w\" sizes=\"auto, (max-width: 676px) 100vw, 676px\" \/><\/a><\/figure>\n<\/div>\n\n\n\n<div class=\"wp-block-column is-layout-flow wp-block-column-is-layout-flow\" style=\"flex-basis:25%\">\n<figure class=\"wp-block-image size-full\"><a href=\"https:\/\/intranet.cnrs.fr\/Cnrs_pratique\/communiquer\/ress\/Documents\/CNRS_CHARTE_UMR_PARTENAIRES_2023.pdf\"><img loading=\"lazy\" decoding=\"async\" width=\"120\" height=\"118\" src=\"https:\/\/imag.umontpellier.fr\/wp-content\/uploads\/2023\/12\/LOGO_CNRS_BLEU.png\" alt=\"\" class=\"wp-image-1653\"\/><\/a><\/figure>\n<\/div>\n<\/div>\n<\/div>\n<\/div>\n\n\n\n<p><\/p>\n","protected":false},"excerpt":{"rendered":"<p>R\u00e9servation des salles Gestion des s\u00e9minaires R\u00e8glement int\u00e9rieur Conseil de laboratoire Informations administratives Formulaire Mission Logos et chartes graphiques \u00e0 t\u00e9l\u00e9charger<\/p>\n","protected":false},"author":1,"featured_media":0,"parent":0,"menu_order":0,"comment_status":"closed","ping_status":"closed","template":"","meta":{"footnotes":""},"class_list":["post-221","page","type-page","status-publish","hentry"],"_links":{"self":[{"href":"https:\/\/imag.umontpellier.fr\/index.php?rest_route=\/wp\/v2\/pages\/221","targetHints":{"allow":["GET"]}}],"collection":[{"href":"https:\/\/imag.umontpellier.fr\/index.php?rest_route=\/wp\/v2\/pages"}],"about":[{"href":"https:\/\/imag.umontpellier.fr\/index.php?rest_route=\/wp\/v2\/types\/page"}],"author":[{"embeddable":true,"href":"https:\/\/imag.umontpellier.fr\/index.php?rest_route=\/wp\/v2\/users\/1"}],"replies":[{"embeddable":true,"href":"https:\/\/imag.umontpellier.fr\/index.php?rest_route=%2Fwp%2Fv2%2Fcomments&post=221"}],"version-history":[{"count":37,"href":"https:\/\/imag.umontpellier.fr\/index.php?rest_route=\/wp\/v2\/pages\/221\/revisions"}],"predecessor-version":[{"id":2504,"href":"https:\/\/imag.umontpellier.fr\/index.php?rest_route=\/wp\/v2\/pages\/221\/revisions\/2504"}],"wp:attachment":[{"href":"https:\/\/imag.umontpellier.fr\/index.php?rest_route=%2Fwp%2Fv2%2Fmedia&parent=221"}],"curies":[{"name":"wp","href":"https:\/\/api.w.org\/{rel}","templated":true}]}}