{"id":35,"date":"2022-01-06T10:01:26","date_gmt":"2022-01-06T09:01:26","guid":{"rendered":"https:\/\/imag.umontpellier.fr\/wordpress\/?page_id=35"},"modified":"2025-12-11T10:34:25","modified_gmt":"2025-12-11T09:34:25","slug":"accueil","status":"publish","type":"page","link":"https:\/\/imag.umontpellier.fr\/","title":{"rendered":"Accueil"},"content":{"rendered":"\n<div class=\"wp-block-columns is-layout-flex wp-container-core-columns-is-layout-9d6595d7 wp-block-columns-is-layout-flex\">\n<div class=\"wp-block-column has-light-gray-background-color has-background is-layout-flow wp-block-column-is-layout-flow\" style=\"flex-basis:66.66%\">\n<p><strong>L\u2019Institut Montpelli\u00e9rain Alexander Grothendieck<\/strong> \u2013 IMAG \u2013 est une unit\u00e9 mixte de recherche commune au CNRS et \u00e0 l\u2019Universit\u00e9 de Montpellier (UMR n\u00b05149) en partenariat avec l&rsquo;INRIA, localis\u00e9e sur le campus Triolet de l\u2019Universit\u00e9 de Montpellier.  <\/p>\n\n\n\n<hr class=\"wp-block-separator has-css-opacity is-style-wide\"\/>\n\n\n\n<h2 class=\"wp-block-heading\" id=\"la-semaine-de-l-imag\">La semaine de l&rsquo;IMAG<\/h2>\n\n\n\n\n\n\n<hr class=\"wp-block-separator has-css-opacity aligncenter is-style-wide\"\/>\n\n\n\n<h2 class=\"wp-block-heading\" id=\"actualites\">Actualit\u00e9s<\/h2>\n\n\n<ul class=\"wp-block-latest-posts__list alignleft wp-block-latest-posts\"><li><a class=\"wp-block-latest-posts__post-title\" href=\"https:\/\/imag.umontpellier.fr\/?p=2579\">Le dispositif ResCo laur\u00e9at du prix Jacqueline Ferrand 2026 de la SMF<\/a><div class=\"wp-block-latest-posts__post-full-content\"><!-- wp:media-text {\"align\":\"\",\"mediaId\":2580,\"mediaLink\":\"https:\/\/imag.umontpellier.fr\/?attachment_id=2580\",\"linkDestination\":\"custom\",\"mediaType\":\"image\",\"mediaWidth\":33,\"verticalAlignment\":\"top\",\"imageFill\":false} -->\n<div class=\"wp-block-media-text is-stacked-on-mobile is-vertically-aligned-top\" style=\"grid-template-columns:33% auto\"><figure class=\"wp-block-media-text__media\"><a href=\"https:\/\/ires-fds.edu.umontpellier.fr\/groupe-resolution-collaborative-de-problemes-resco\/\" target=\"_blank\" rel=\"noreferrer noopener\"><img loading=\"lazy\" decoding=\"async\" width=\"390\" height=\"93\" src=\"https:\/\/imag.umontpellier.fr\/wp-content\/uploads\/2026\/04\/Logo-RESCO.png\" alt=\"\" class=\"wp-image-2580 size-full\" srcset=\"https:\/\/imag.umontpellier.fr\/wp-content\/uploads\/2026\/04\/Logo-RESCO.png 390w, https:\/\/imag.umontpellier.fr\/wp-content\/uploads\/2026\/04\/Logo-RESCO-300x72.png 300w\" sizes=\"auto, (max-width: 390px) 100vw, 390px\" \/><\/a><\/figure><div class=\"wp-block-media-text__content\"><!-- wp:paragraph -->\n<p><a href=\"https:\/\/ires-fds.edu.umontpellier.fr\/groupe-resolution-collaborative-de-problemes-resco\/\"><strong>ResCo<\/strong> <\/a>est un dispositif coordonn\u00e9 par l&rsquo;<strong><a href=\"https:\/\/ires-fds.edu.umontpellier.fr\/\">IRES<\/a><\/strong> de Montpellier dans lequel sont investis ou ont \u00e9t\u00e9 investis de nombreux membres de l&rsquo;<strong>IMAG<\/strong>.<br>Il propose chaque ann\u00e9e \u00e0 des classes de lyc\u00e9e un probl\u00e8me in\u00e9dit con\u00e7u par un groupe d&rsquo;enseignant\u00b7es et de chercheur\u00b7ses. L\u2019objectif est de faire pratiquer aux \u00e9l\u00e8ves une activit\u00e9 de r\u00e9solution de probl\u00e8mes et de mod\u00e9lisation math\u00e9matique.<br>Ce dispositif touche chaque ann\u00e9e entre 50 et 100 classes par an, de l\u2019acad\u00e9mie de Montpellier et de toute la France.<\/p>\n<!-- \/wp:paragraph -->\n\n<!-- wp:paragraph -->\n<p>Le Prix \u00ab\u00a0Jacqueline Ferrand\u00a0\u00bb de la <a href=\"https:\/\/smf.emath.fr\/actualites-smf\/laureats-prix-dalembert-et-prix-jacqueline-ferrand-2026\" target=\"_blank\" rel=\"noreferrer noopener\">SMF<\/a> est d\u00e9cern\u00e9 tous les deux ans pour des innovations p\u00e9dagogiques importantes.<\/p>\n<!-- \/wp:paragraph --><\/div><\/div>\n<!-- \/wp:media-text -->\n\n<!-- wp:separator {\"className\":\"is-style-dots\"} -->\n<hr class=\"wp-block-separator has-alpha-channel-opacity is-style-dots\" \/>\n<!-- \/wp:separator -->\n\n<!-- wp:paragraph -->\n<p><\/p>\n<!-- \/wp:paragraph --><\/div><\/li>\n<li><a class=\"wp-block-latest-posts__post-title\" href=\"https:\/\/imag.umontpellier.fr\/?p=2571\">Colloque 2026 de la COPIRELEM \u00e0 Montpellier<\/a><div class=\"wp-block-latest-posts__post-full-content\"><!-- wp:media-text {\"align\":\"\",\"mediaId\":2572,\"mediaLink\":\"https:\/\/imag.umontpellier.fr\/?attachment_id=2572\",\"linkDestination\":\"custom\",\"mediaType\":\"image\",\"mediaWidth\":20,\"mediaSizeSlug\":\"medium\",\"verticalAlignment\":\"top\",\"imageFill\":false,\"lock\":{\"move\":true,\"remove\":true}} -->\n<div class=\"wp-block-media-text is-stacked-on-mobile is-vertically-aligned-top\" style=\"grid-template-columns:20% auto\"><figure class=\"wp-block-media-text__media\"><a href=\"https:\/\/copi26.sciencesconf.org\/\" target=\"_blank\" rel=\" noreferrer noopener\"><img loading=\"lazy\" decoding=\"async\" width=\"212\" height=\"300\" src=\"https:\/\/imag.umontpellier.fr\/wp-content\/uploads\/2026\/04\/affiche-choisie-724x1024-1-212x300.png\" alt=\"\" class=\"wp-image-2572 size-medium\" srcset=\"https:\/\/imag.umontpellier.fr\/wp-content\/uploads\/2026\/04\/affiche-choisie-724x1024-1-212x300.png 212w, https:\/\/imag.umontpellier.fr\/wp-content\/uploads\/2026\/04\/affiche-choisie-724x1024-1.png 724w\" sizes=\"auto, (max-width: 212px) 100vw, 212px\" \/><\/a><\/figure><div class=\"wp-block-media-text__content\"><!-- wp:paragraph -->\n<p>Le 52\u00e8me colloque de la <strong>COPIRELEM<\/strong> se tiendra \u00e0 la Facult\u00e9 des sciences de l\u2019universit\u00e9 de Montpellier les 29-30 juin et 1er juillet 2026.<br>Ce colloque est organis\u00e9 par la <a href=\"https:\/\/www.copirelem.fr\/\" target=\"_blank\" rel=\"noreferrer noopener\">COPIRELEM <\/a>(Commission Permanente des IREM sur l\u2019Enseignement \u00c9l\u00e9mentaire), l\u2019<a href=\"https:\/\/ires-fds.edu.umontpellier.fr\/\" target=\"_blank\" rel=\"noreferrer noopener\">IRES de Montpellier<\/a> (Institut de recherche sur l\u2019Enseignement des sciences), et l\u2019<a href=\"https:\/\/imag.umontpellier.fr\/\" target=\"_blank\" rel=\"noreferrer noopener\">IMAG<\/a><a href=\"https:\/\/copi26.sciencesconf.org\/imag%20montpellier\"> <\/a>(Institut Montpelli\u00e9rain Alexander Grothendieck).<br> Le colloque annuel de la COPIRELEM est un colloque destin\u00e9 \u00e0 la formation de formateurs des enseignants. Il est ouvert \u00e0 toute personne int\u00e9ress\u00e9e par la formation en math\u00e9matiques des professeurs des \u00e9coles : chercheurs, formateurs des INSPE, membres des IREM et IRES, inspecteurs et conseillers p\u00e9dagogiques, ma\u00eetres formateurs, r\u00e9f\u00e9rents math\u00e9matiques de circonscription, enseignants\u2026.<\/p>\n<!-- \/wp:paragraph -->\n\n<!-- wp:paragraph -->\n<p><a href=\"https:\/\/copi26.sciencesconf.org\/\">L\u2019inscription sera ouverte d\u00e9but avril 2026<\/a><\/p>\n<!-- \/wp:paragraph -->\n\n<!-- wp:separator {\"className\":\"is-style-dots\"} -->\n<hr class=\"wp-block-separator has-alpha-channel-opacity is-style-dots\" \/>\n<!-- \/wp:separator --><\/div><\/div>\n<!-- \/wp:media-text --><\/div><\/li>\n<li><a class=\"wp-block-latest-posts__post-title\" href=\"https:\/\/imag.umontpellier.fr\/?p=2564\">Naoto Yotsutani (Universit\u00e9 de Shizuoka, Japon) est chercheur invit\u00e9 \u00e0 l&rsquo;IMAG, du 1 avril 2026 au 31 mars 2027.<\/a><div class=\"wp-block-latest-posts__post-full-content\"><!-- wp:media-text {\"align\":\"\",\"mediaId\":2565,\"mediaLink\":\"https:\/\/imag.umontpellier.fr\/?attachment_id=2565\",\"linkDestination\":\"custom\",\"mediaType\":\"image\",\"mediaWidth\":15,\"mediaSizeSlug\":\"medium\",\"verticalAlignment\":\"center\",\"imageFill\":false} -->\n<div class=\"wp-block-media-text is-stacked-on-mobile is-vertically-aligned-center\" style=\"grid-template-columns:15% auto\"><figure class=\"wp-block-media-text__media\"><a href=\"https:\/\/shizuoka.academia.edu\/NaotoYotsutani\" target=\"_blank\" rel=\" noreferrer noopener\"><img loading=\"lazy\" decoding=\"async\" width=\"218\" height=\"300\" src=\"https:\/\/imag.umontpellier.fr\/wp-content\/uploads\/2026\/04\/NaotoYotsutani-page-001-218x300.jpg\" alt=\"\" class=\"wp-image-2565 size-medium\" srcset=\"https:\/\/imag.umontpellier.fr\/wp-content\/uploads\/2026\/04\/NaotoYotsutani-page-001-218x300.jpg 218w, https:\/\/imag.umontpellier.fr\/wp-content\/uploads\/2026\/04\/NaotoYotsutani-page-001.jpg 385w\" sizes=\"auto, (max-width: 218px) 100vw, 218px\" \/><\/a><\/figure><div class=\"wp-block-media-text__content\"><!-- wp:paragraph -->\n<p>Du 1 avril 2026 au 31 mars 2027, <strong>Naoto Yotsutani<\/strong> est chercheur invit\u00e9 \u00e0 l&rsquo;IMAG. Il est Associate Professor \u00e0 l&rsquo;Universit\u00e9 de Shizuoka au Japon, et son s\u00e9jour est financ\u00e9 par une bourse JSPS. Son projet de recherche est de clarifier les relations entre l&rsquo;analyse des polytopes convexes et l&rsquo;existence de m\u00e9triques de K\u00e4hler canoniques sur les G-vari\u00e9t\u00e9s. Une G-vari\u00e9t\u00e9 est une vari\u00e9t\u00e9 munie d&rsquo;une action d&rsquo;un groupe G, qui permet de la d\u00e9crire de mani\u00e8re combinatoire avec un polytope moment, comme pour les vari\u00e9t\u00e9s toriques. N. Yotsutani cherche \u00e0 \u00e9tablir une caract\u00e9risation pr\u00e9cise des G-vari\u00e9t\u00e9s qui admettent des m\u00e9triques de K\u00e4hler canoniques, en fonction des polytopes qui leur sont associ\u00e9s. <\/p>\n<!-- \/wp:paragraph -->\n\n<!-- wp:paragraph -->\n<p><a href=\"https:\/\/shizuoka.academia.edu\/NaotoYotsutani\">Lien vers sa page web personnelle<\/a><\/p>\n<!-- \/wp:paragraph --><\/div><\/div>\n<!-- \/wp:media-text -->\n\n<!-- wp:separator {\"className\":\"is-style-dots\"} -->\n<hr class=\"wp-block-separator has-alpha-channel-opacity is-style-dots\" \/>\n<!-- \/wp:separator -->\n\n<!-- wp:paragraph -->\n<p><\/p>\n<!-- \/wp:paragraph --><\/div><\/li>\n<li><a class=\"wp-block-latest-posts__post-title\" href=\"https:\/\/imag.umontpellier.fr\/?p=2543\">Workshop \u00ab\u00a0Dynamics and Spectral Gaps\u00a0\u00bb March 30 &#8211; April 2, 2026<\/a><div class=\"wp-block-latest-posts__post-full-content\"><!-- wp:media-text {\"align\":\"\",\"mediaId\":2544,\"mediaLink\":\"https:\/\/imag.umontpellier.fr\/?attachment_id=2544\",\"linkDestination\":\"custom\",\"mediaType\":\"image\",\"mediaWidth\":41,\"mediaSizeSlug\":\"full\",\"isStackedOnMobile\":false,\"verticalAlignment\":\"top\",\"imageFill\":false,\"lock\":{\"move\":true,\"remove\":true}} -->\n<div class=\"wp-block-media-text is-vertically-aligned-top\" style=\"grid-template-columns:41% auto\"><figure class=\"wp-block-media-text__media\"><a href=\"https:\/\/sites.google.com\/view\/dynspec2026\" target=\"_blank\" rel=\" noreferrer noopener\"><img loading=\"lazy\" decoding=\"async\" width=\"560\" height=\"192\" src=\"https:\/\/imag.umontpellier.fr\/wp-content\/uploads\/2026\/02\/Screenshot-2026-02-24-at-10-54-18-Accueil.png\" alt=\"\" class=\"wp-image-2544 size-full\" srcset=\"https:\/\/imag.umontpellier.fr\/wp-content\/uploads\/2026\/02\/Screenshot-2026-02-24-at-10-54-18-Accueil.png 560w, https:\/\/imag.umontpellier.fr\/wp-content\/uploads\/2026\/02\/Screenshot-2026-02-24-at-10-54-18-Accueil-300x103.png 300w\" sizes=\"auto, (max-width: 560px) 100vw, 560px\" \/><\/a><\/figure><div class=\"wp-block-media-text__content\"><!-- wp:paragraph -->\n<p>This conference aims to bring together mathematicians from across Europe who are interested in Dynamics, Spectral Gaps, and their intricate interactions. Several approaches related to Analysis, Combinatorics, and Number Theory will be presented.<\/p>\n<!-- \/wp:paragraph -->\n\n<!-- wp:paragraph -->\n<p>The workshop will be held in Montpellier, France from March 30 to April 2, 2026.\u00a0<\/p>\n<!-- \/wp:paragraph -->\n\n<!-- wp:paragraph -->\n<p><strong>Organizers<\/strong>: Timoth\u00e9e B\u00e9nard and Jean-Fran\u00e7ois Quint<br><strong>Administration<\/strong>:\u00a0 Carmela Madonia<br><strong><br><\/strong><a href=\"https:\/\/sites.google.com\/view\/dynspec2026\" target=\"_blank\" rel=\"noreferrer noopener\">For more information, visit the website<\/a>.<br><\/p>\n<!-- \/wp:paragraph --><\/div><\/div>\n<!-- \/wp:media-text -->\n\n<!-- wp:separator {\"className\":\"is-style-dots\"} -->\n<hr class=\"wp-block-separator has-alpha-channel-opacity is-style-dots\" \/>\n<!-- \/wp:separator -->\n\n<!-- wp:paragraph -->\n<p><\/p>\n<!-- \/wp:paragraph --><\/div><\/li>\n<li><a class=\"wp-block-latest-posts__post-title\" href=\"https:\/\/imag.umontpellier.fr\/?p=2522\">Recrutements Post-doc et ATER<\/a><div class=\"wp-block-latest-posts__post-full-content\"><!-- wp:media-text {\"align\":\"\",\"mediaId\":2531,\"mediaLink\":\"https:\/\/imag.umontpellier.fr\/?attachment_id=2531\",\"linkDestination\":\"none\",\"mediaType\":\"image\",\"mediaWidth\":41,\"mediaSizeSlug\":\"full\",\"isStackedOnMobile\":false,\"verticalAlignment\":\"top\",\"imageFill\":false,\"lock\":{\"move\":true,\"remove\":true}} -->\n<div class=\"wp-block-media-text is-vertically-aligned-top\" style=\"grid-template-columns:41% auto\"><figure class=\"wp-block-media-text__media\"><img loading=\"lazy\" decoding=\"async\" width=\"500\" height=\"358\" src=\"https:\/\/imag.umontpellier.fr\/wp-content\/uploads\/2026\/02\/recrutement_vecto-2.png\" alt=\"\" class=\"wp-image-2531 size-full\" srcset=\"https:\/\/imag.umontpellier.fr\/wp-content\/uploads\/2026\/02\/recrutement_vecto-2.png 500w, https:\/\/imag.umontpellier.fr\/wp-content\/uploads\/2026\/02\/recrutement_vecto-2-300x215.png 300w\" sizes=\"auto, (max-width: 500px) 100vw, 500px\" \/><\/figure><div class=\"wp-block-media-text__content\"><!-- wp:paragraph -->\n<p>Le projet <strong>ANR Gals<\/strong> recrute un.e postdoc \u00e0 l&rsquo;IMAG (\u00e9quipe GTA) en septembre 2026, <a href=\"https:\/\/gals.pages.math.cnrs.fr\/offre.pdf\" target=\"_blank\" rel=\"noreferrer noopener\">annonce ici<\/a>. Date limite de candidature fin f\u00e9vrier.<\/p>\n<!-- \/wp:paragraph -->\n\n<!-- wp:paragraph -->\n<p>Le projet <strong>ANR Plage<\/strong> va engager un.e post-doc \u00e0 l&rsquo;IMAG (\u00e9quipe GTA) \u00a0pour une dur\u00e9e de 2 ans (1 an, renouvelable 1 an) \u00e0 l&rsquo;universit\u00e9 de Montpellier. <a href=\"https:\/\/imag.umontpellier.fr\/~brieussel\/PLAGE\/jobs.html\" target=\"_blank\" rel=\"noreferrer noopener\">L&rsquo;annonce d\u00e9taill\u00e9e ici<\/a>.<\/p>\n<!-- \/wp:paragraph -->\n\n<!-- wp:paragraph -->\n<p>Le <strong>d\u00e9partement de math\u00e9matiques<\/strong> de l&rsquo;Universit\u00e9 de Montpellier recrute plusieurs ATER. <a href=\"https:\/\/umontpellier.nous-recrutons.fr\/nos-offres-demplois-enseignants\/\" target=\"_blank\" rel=\"noreferrer noopener\">D\u00e9tails ici.<\/a><\/p>\n<!-- \/wp:paragraph -->\n\n<!-- wp:paragraph -->\n<p><\/p>\n<!-- \/wp:paragraph -->\n\n<!-- wp:paragraph -->\n<p><\/p>\n<!-- \/wp:paragraph --><\/div><\/div>\n<!-- \/wp:media-text -->\n\n<!-- wp:separator {\"className\":\"is-style-dots\"} -->\n<hr class=\"wp-block-separator has-alpha-channel-opacity is-style-dots\" \/>\n<!-- \/wp:separator --><\/div><\/li>\n<\/ul>\n\n\n<p class=\"has-text-align-center\"><a href=\"https:\/\/imag.umontpellier.fr\/?page_id=1270\" data-type=\"page\" data-id=\"1270\">Archives actualit\u00e9s<\/a><\/p>\n<\/div>\n\n\n\n<div class=\"wp-block-column is-layout-flow wp-block-column-is-layout-flow\" style=\"flex-basis:33.33%\">\n<figure class=\"wp-block-image size-full\"><img loading=\"lazy\" decoding=\"async\" width=\"560\" height=\"289\" src=\"https:\/\/imag.umontpellier.fr\/wp-content\/uploads\/2025\/02\/Flag-site-web-fev25-e1739528376799.jpeg\" alt=\"\" class=\"wp-image-2137\" srcset=\"https:\/\/imag.umontpellier.fr\/wp-content\/uploads\/2025\/02\/Flag-site-web-fev25-e1739528376799.jpeg 560w, https:\/\/imag.umontpellier.fr\/wp-content\/uploads\/2025\/02\/Flag-site-web-fev25-e1739528376799-300x155.jpeg 300w\" sizes=\"auto, (max-width: 560px) 100vw, 560px\" \/><\/figure>\n\n\n\n<h2 class=\"wp-block-heading has-text-align-center\" id=\"dernieres-publications\">Derniers d\u00e9p\u00f4ts dans HAL<\/h2>\n\n\n\n\n\n\n<hr class=\"wp-block-separator has-css-opacity is-style-wide\"\/>\n\n\n\n<h2 class=\"wp-block-heading\" id=\"contact\">Contact<\/h2>\n\n\n\n<p><a href=\"mailto:imag-direction@umontpellier.fr\">imag-direction@umontpellier.fr<\/a><\/p>\n\n\n\n<p><strong>IMAG \u2013 UMR 5149<\/strong><br>Universit\u00e9 de Montpellier<br>Case courrier 051<br>Place Eug\u00e8ne Bataillon<br>34090 Montpellier &#8211; France<br>Tel. +33 (0)4 67 14 31 57<\/p>\n\n\n\n<hr class=\"wp-block-separator has-css-opacity is-style-wide\"\/>\n\n\n\n<h2 class=\"wp-block-heading has-text-align-center\"><a href=\"https:\/\/imag.umontpellier.fr\/?page_id=1344\">Venir \u00e0 l&rsquo;IMAG<\/a><\/h2>\n\n\n\n<hr class=\"wp-block-separator has-alpha-channel-opacity is-style-wide\"\/>\n\n\n\n<div class=\"wp-block-columns is-layout-flex wp-container-core-columns-is-layout-9d6595d7 wp-block-columns-is-layout-flex\">\n<div class=\"wp-block-column is-layout-flow wp-block-column-is-layout-flow\" style=\"flex-basis:25%\">\n<figure class=\"wp-block-image size-full\"><img loading=\"lazy\" decoding=\"async\" width=\"120\" height=\"120\" src=\"https:\/\/imag.umontpellier.fr\/wp-content\/uploads\/2022\/06\/Logo_UM_120x120.png\" alt=\"\" class=\"wp-image-1074\"\/><\/figure>\n<\/div>\n\n\n\n<div class=\"wp-block-column is-layout-flow wp-block-column-is-layout-flow\" style=\"flex-basis:25%\">\n<figure class=\"wp-block-image size-full\"><img loading=\"lazy\" decoding=\"async\" width=\"120\" height=\"118\" src=\"https:\/\/imag.umontpellier.fr\/wp-content\/uploads\/2023\/12\/LOGO_CNRS_BLEU.png\" alt=\"\" class=\"wp-image-1653\"\/><\/figure>\n<\/div>\n\n\n\n<div class=\"wp-block-column is-layout-flow wp-block-column-is-layout-flow\" style=\"flex-basis:50%\">\n<figure class=\"wp-block-image size-full\"><img loading=\"lazy\" decoding=\"async\" width=\"341\" height=\"120\" src=\"https:\/\/imag.umontpellier.fr\/wp-content\/uploads\/2022\/06\/Logo_inria_120.png\" alt=\"\" class=\"wp-image-1077\" srcset=\"https:\/\/imag.umontpellier.fr\/wp-content\/uploads\/2022\/06\/Logo_inria_120.png 341w, https:\/\/imag.umontpellier.fr\/wp-content\/uploads\/2022\/06\/Logo_inria_120-300x106.png 300w\" sizes=\"auto, (max-width: 341px) 100vw, 341px\" \/><\/figure>\n<\/div>\n<\/div>\n<\/div>\n<\/div>\n\n\n\n<p><\/p>\n","protected":false},"excerpt":{"rendered":"<p>L\u2019Institut Montpelli\u00e9rain Alexander Grothendieck \u2013 IMAG \u2013 est une unit\u00e9 mixte de recherche commune au CNRS et \u00e0 l\u2019Universit\u00e9 de Montpellier (UMR n\u00b05149) en partenariat [&#8230;]<\/p>\n","protected":false},"author":1,"featured_media":0,"parent":0,"menu_order":0,"comment_status":"closed","ping_status":"closed","template":"templates\/template-fullwidth-no-title.php","meta":{"footnotes":""},"class_list":["post-35","page","type-page","status-publish","hentry"],"_links":{"self":[{"href":"https:\/\/imag.umontpellier.fr\/index.php?rest_route=\/wp\/v2\/pages\/35","targetHints":{"allow":["GET"]}}],"collection":[{"href":"https:\/\/imag.umontpellier.fr\/index.php?rest_route=\/wp\/v2\/pages"}],"about":[{"href":"https:\/\/imag.umontpellier.fr\/index.php?rest_route=\/wp\/v2\/types\/page"}],"author":[{"embeddable":true,"href":"https:\/\/imag.umontpellier.fr\/index.php?rest_route=\/wp\/v2\/users\/1"}],"replies":[{"embeddable":true,"href":"https:\/\/imag.umontpellier.fr\/index.php?rest_route=%2Fwp%2Fv2%2Fcomments&post=35"}],"version-history":[{"count":162,"href":"https:\/\/imag.umontpellier.fr\/index.php?rest_route=\/wp\/v2\/pages\/35\/revisions"}],"predecessor-version":[{"id":2465,"href":"https:\/\/imag.umontpellier.fr\/index.php?rest_route=\/wp\/v2\/pages\/35\/revisions\/2465"}],"wp:attachment":[{"href":"https:\/\/imag.umontpellier.fr\/index.php?rest_route=%2Fwp%2Fv2%2Fmedia&parent=35"}],"curies":[{"name":"wp","href":"https:\/\/api.w.org\/{rel}","templated":true}]}}