{"id":954,"date":"2022-04-26T12:54:19","date_gmt":"2022-04-26T11:54:19","guid":{"rendered":"https:\/\/imag.umontpellier.fr\/wordpress\/?page_id=954"},"modified":"2022-04-26T13:06:02","modified_gmt":"2022-04-26T12:06:02","slug":"credits-et-mentions-legales","status":"publish","type":"page","link":"https:\/\/imag.umontpellier.fr\/?page_id=954","title":{"rendered":"Cr\u00e9dits et mentions l\u00e9gales"},"content":{"rendered":"\n<h3 class=\"wp-block-heading\">Institut Montpelli\u00e9rain Alexander Grothendieck<\/h3>\n\n\n\n<p><strong>Directeur de la publication<\/strong>&nbsp;: Mr&nbsp;le Directeur de l\u2019Institut Montpelli\u00e9rain Alexander Grothendieck<br><strong>Directeur de la r\u00e9daction<\/strong>&nbsp;: Mr&nbsp;le Directeur de l\u2019Institut Montpelli\u00e9rain Alexander Grothendieck<br><strong>H\u00e9bergeur <\/strong>&nbsp;: Universit\u00e9 de Montpellier \/ Institut Montpelli\u00e9rain Alexander Grothendieck<\/p>\n\n\n\n<h3 class=\"wp-block-heading\">Protection des informations nominatives<\/h3>\n\n\n\n<p>Conform\u00e9ment \u00e0 la loi n\u00b0 78-17 du 6 janvier 1978, relative \u00e0 l&rsquo;Informatique, aux fichiers et aux Libert\u00e9s (articles 38, 39, 40), vous disposez d&rsquo;un droit d&rsquo;acc\u00e8s, de rectification et de suppression des donn\u00e9es vous concernant, en ligne sur ce site.<br>Pour exercer ce droit, vous pouvez vous adresser au <a href=\"mailto:imag-web@umontpellier.fr\">webmestre<\/a>.<\/p>\n\n\n\n<h3 class=\"wp-block-heading\">Cr\u00e9dits<\/h3>\n\n\n\n<p>Ce site est d\u00e9velopp\u00e9 avec le CMS <a rel=\"noreferrer noopener\" href=\"https:\/\/wordpress.com\/fr\/\" target=\"_blank\">WordPress<\/a>.<br>D\u00e9veloppement du site : Baptiste Chapuisat<br>Mise \u00e0 jour du site : Jean-Baptiste Brisson, Baptiste Chapuisat, Nathalie Collain<\/p>\n\n\n\n<p>Th\u00e8me WordPress\u00a0: Dynamico par <a rel=\"noreferrer noopener\" href=\"https:\/\/themezee.com\/\" target=\"_blank\">ThemeZee<\/a>.<\/p>\n","protected":false},"excerpt":{"rendered":"<p>Institut Montpelli\u00e9rain Alexander Grothendieck Directeur de la publication&nbsp;: Mr&nbsp;le Directeur de l\u2019Institut Montpelli\u00e9rain Alexander GrothendieckDirecteur de la r\u00e9daction&nbsp;: Mr&nbsp;le Directeur de l\u2019Institut Montpelli\u00e9rain Alexander GrothendieckH\u00e9bergeur [&#8230;]<\/p>\n","protected":false},"author":1,"featured_media":0,"parent":0,"menu_order":0,"comment_status":"closed","ping_status":"closed","template":"","meta":{"footnotes":""},"class_list":["post-954","page","type-page","status-publish","hentry"],"_links":{"self":[{"href":"https:\/\/imag.umontpellier.fr\/index.php?rest_route=\/wp\/v2\/pages\/954","targetHints":{"allow":["GET"]}}],"collection":[{"href":"https:\/\/imag.umontpellier.fr\/index.php?rest_route=\/wp\/v2\/pages"}],"about":[{"href":"https:\/\/imag.umontpellier.fr\/index.php?rest_route=\/wp\/v2\/types\/page"}],"author":[{"embeddable":true,"href":"https:\/\/imag.umontpellier.fr\/index.php?rest_route=\/wp\/v2\/users\/1"}],"replies":[{"embeddable":true,"href":"https:\/\/imag.umontpellier.fr\/index.php?rest_route=%2Fwp%2Fv2%2Fcomments&post=954"}],"version-history":[{"count":4,"href":"https:\/\/imag.umontpellier.fr\/index.php?rest_route=\/wp\/v2\/pages\/954\/revisions"}],"predecessor-version":[{"id":973,"href":"https:\/\/imag.umontpellier.fr\/index.php?rest_route=\/wp\/v2\/pages\/954\/revisions\/973"}],"wp:attachment":[{"href":"https:\/\/imag.umontpellier.fr\/index.php?rest_route=%2Fwp%2Fv2%2Fmedia&parent=954"}],"curies":[{"name":"wp","href":"https:\/\/api.w.org\/{rel}","templated":true}]}}

Crédits et mentions légales

<h3 class="wp-block-heading">Institut Montpelliérain Alexander Grothendieck</h3>



<p><strong>Directeur de la publication</strong>&nbsp;: Mr&nbsp;le Directeur de l’Institut Montpelliérain Alexander Grothendieck<br><strong>Directeur de la rédaction</strong>&nbsp;: Mr&nbsp;le Directeur de l’Institut Montpelliérain Alexander Grothendieck<br><strong>Hébergeur </strong>&nbsp;: Université de Montpellier / Institut Montpelliérain Alexander Grothendieck</p>



<h3 class="wp-block-heading">Protection des informations nominatives</h3>



<p>Conformément à la loi n° 78-17 du 6 janvier 1978, relative à l&rsquo;Informatique, aux fichiers et aux Libertés (articles 38, 39, 40), vous disposez d&rsquo;un droit d&rsquo;accès, de rectification et de suppression des données vous concernant, en ligne sur ce site.<br>Pour exercer ce droit, vous pouvez vous adresser au <a href="mailto:imag-web@umontpellier.fr">webmestre</a>.</p>



<h3 class="wp-block-heading">Crédits</h3>



<p>Ce site est développé avec le CMS <a rel="noreferrer noopener" href="https://wordpress.com/fr/" target="_blank">WordPress</a>.<br>Développement du site : Baptiste Chapuisat<br>Mise à jour du site : Jean-Baptiste Brisson, Baptiste Chapuisat, Nathalie Collain</p>



<p>Thème WordPress : Dynamico par <a rel="noreferrer noopener" href="https://themezee.com/" target="_blank">ThemeZee</a>.</p>

<p>Institut Montpelliérain Alexander Grothendieck Directeur de la publication&nbsp;: Mr&nbsp;le Directeur de l’Institut Montpelliérain Alexander GrothendieckDirecteur de la rédaction&nbsp;: Mr&nbsp;le Directeur de l’Institut Montpelliérain Alexander GrothendieckHébergeur [&#8230;]</p>
